{"id":6,"date":"2016-03-05T21:15:24","date_gmt":"2016-03-05T20:15:24","guid":{"rendered":"http:\/\/www.haustierverhaltensberatung.at\/haustierverhaltensberatung\/?page_id=6"},"modified":"2020-01-27T12:50:52","modified_gmt":"2020-01-27T11:50:52","slug":"startseite","status":"publish","type":"page","link":"http:\/\/www.haustierverhaltensberatung.at\/haustierverhaltensberatung\/","title":{"rendered":"Ausbildung zum &#8222;K\u00f6rpersprachlich orientierten, ganzheitlichen Hundecoach&#8220;"},"content":{"rendered":"<h1>\u00a0Willkommen beim <strong>&#8222;Hundecoach-Neu&#8220;<\/strong><\/h1>\n<div id=\"cc-m-9188353297\" class=\"j-module n j-text \">\n<p>Wir haben unsere Hundecoachausbildung f\u00fcr 2020 vollkommen neu strukturiert, \u00fcberarbeitet und preislich angepasst!<br \/>\nDie Ausbildung besteht nun aus 3 Theoriemodulen, 6 Praxismodulen und einem Abschlussmodul. Der Inhalt der Skripten wird eigenverantwortlich zwischen den einzelnen Modulen gelernt und von uns mittels Test kontrolliert.<br \/>\nDas erm\u00f6glicht uns die praktische Arbeit mit den Hunden und zuk\u00fcnftigen Hundecoaches in den Vordergrund zu stellen!<br \/>\nGerne k\u00f6nnt ihr unsere Arbeit bei einem individuellen, kostenlosen Schnuppertraining kennenlernen!<\/p>\n<p>Wir legen besonderen Wert auf Wahrnehmungs\u00fcbungen mit folgenden Schwerpunkten.<\/p>\n<p>-Beginnen Sie ihren Hund seiner Natur entsprechend wahrzunehmen<\/p>\n<p>-Lernen Sie die Sprache Ihres Hundes zu lesen, um zu verstehen was er Ihnen sagen will<\/p>\n<p>-Beginnen Sie, sich die Sprache Ihres Hundes anzueignen um Ihre gemeinsame Kommunikation auf eine h\u00f6here Stufe zu stellen<\/p>\n<p>-Verstehen Sie warum Ihr Hund bestimmte Dinge tut<\/p>\n<p>-Verhaltensver\u00e4nderungen k\u00f6nnen sofort beginnen sobald Ihr Hund versteht was sie von ihm wollen<\/p>\n<p>-Lernen Sie mit der richtigen Energie und inneren Klarheit Ihren Hund zu f\u00fchren<\/p>\n<p>-Ver\u00e4ndern Sie mit unserer Hilfe festgefahrene Glaubensmuster, die ihrem Hund eine Verhaltens\u00e4nderung erschweren<\/p>\n<p>-Erarbeiten Sie sich dadurch F\u00fchrungskompetenz und geben ihrem Hund Sicherheit<\/p>\n<p>-Beginnen Sie mit ihrem Hund zu kommunizieren, anstatt ihn mit Leckerchen zu konditionieren<\/p>\n<p>-Erleben Sie die wahre Natur ihres Hundes und entdecken neue Verhaltensweisen<\/p>\n<p>-Erfahren Sie wie sie ihren Hund zur Ruhe bringen und eine Gespr\u00e4chsbereitschaft herstellen k\u00f6nnen<\/p>\n<p>-Die Arbeit mit den Chakren des Hundes unterst\u00fctzt bei Verhaltensver\u00e4nderung<\/p>\n<p>-Werden Sie mit ihrem Hund eine Einheit und kommunizieren Sie lautlos<\/p>\n<p>-Lernen Sie all diese Inhalte anderen Hundehaltern weiterzugeben<\/p>\n<p>Ziel der Hundecoach-Ausbildung<br \/>\nZiel der Ausbildung ist die Vermittlung des Wissens und der F\u00e4higkeiten, um eine berufliche T\u00e4tigkeit als Hundecoach aus\u00fcben zu k\u00f6nnen.<\/p>\n<\/div>\n<div id=\"cc-m-8996707097\" class=\"j-module n j-text \">\n<ul>\n<li>9 Wochenendmodule<\/li>\n<li>12 Praxistage<\/li>\n<li>Arbeiten mit eigenen und fremden Hunden<\/li>\n<li>Die Ausbildung besteht aus 3 Theoriemodulen und 6 Praxismodulen, bzw. aus 4 Skripten die zwischen den Modulen selbst erarbeitet werden und deren Inhalte beim folgenden Modul per Test nachgewiesen werden m\u00fcssen.<br \/>\nDadurch konnten wir die Ausbildung zeitlich straffen und preislich erheblich reduzieren.<\/li>\n<li>Zertifizierte Ausbildungen seit 2012<\/li>\n<li>Lehrgangskosten: 8 Monatsraten \u00e0 325 Euro,<br \/>\nGesamtkosten Euro 2.600,- Partnerrabatt<br \/>\nOrt: Wien\/N\u00d6\/Stmk<\/li>\n<\/ul>\n<div>Gesamtkosten: EUR 2.600,- (Start ist Fr\u00fchjahr und Herbst 2020)<\/div>\n<div>Lehrgangskosten: \u20ac 2.600,- (Zahlung auch in 8 Monatsraten \u00e0 325 Euro,-\/Monat m\u00f6glich)<br \/>\nPartnerrabatt<br \/>\nOrt: Wien\/N\u00d6\/Stmk<\/div>\n<p>&nbsp;<\/p>\n<div id=\"cc-m-8996707097\" class=\"j-module n j-text \">\n<p><span style=\"color: #ff6600;\">Sollte diese Ausbildung ihr Interesse geweckt haben, dann bitte ich Sie mich zu kontaktieren, ich freue mich \u00fcber Ihre Fragen und beantworte sie sehr gerne! <\/span><\/p>\n<p><span style=\"color: #ff6600;\">Sie erreichen mich unter Dieter Pouzar 0676\/730 91 99 oder d.pouzar@kabsi.at. Gerne ist auch ein pers\u00f6nliches Kennenlernen vor Kursbeginn m\u00f6glich.<\/span><\/p>\n<\/div>\n<\/div>\n<p>&nbsp;<\/p>\n<p>&nbsp;<\/p>\n<h3><span style=\"color: #ff6600; text-decoration: underline;\">\u00a0<\/span><\/h3>\n","protected":false},"excerpt":{"rendered":"<p>\u00a0Willkommen beim &#8222;Hundecoach-Neu&#8220; Wir haben unsere Hundecoachausbildung f\u00fcr 2020 vollkommen neu strukturiert, \u00fcberarbeitet und preislich angepasst! Die Ausbildung besteht nun aus 3 Theoriemodulen, 6 Praxismodulen und einem Abschlussmodul. Der Inhalt der Skripten wird eigenverantwortlich zwischen den einzelnen Modulen gelernt und von uns mittels Test kontrolliert. Das erm\u00f6glicht uns die praktische Arbeit mit den Hunden und &hellip; <a href=\"http:\/\/www.haustierverhaltensberatung.at\/haustierverhaltensberatung\/\" class=\"more-link\"><span class=\"screen-reader-text\">Ausbildung zum &#8222;K\u00f6rpersprachlich orientierten, ganzheitlichen Hundecoach&#8220;<\/span> weiterlesen<\/a><\/p>\n","protected":false},"author":1,"featured_media":0,"parent":0,"menu_order":0,"comment_status":"closed","ping_status":"closed","template":"","meta":[],"_links":{"self":[{"href":"http:\/\/www.haustierverhaltensberatung.at\/haustierverhaltensberatung\/index.php?rest_route=\/wp\/v2\/pages\/6"}],"collection":[{"href":"http:\/\/www.haustierverhaltensberatung.at\/haustierverhaltensberatung\/index.php?rest_route=\/wp\/v2\/pages"}],"about":[{"href":"http:\/\/www.haustierverhaltensberatung.at\/haustierverhaltensberatung\/index.php?rest_route=\/wp\/v2\/types\/page"}],"author":[{"embeddable":true,"href":"http:\/\/www.haustierverhaltensberatung.at\/haustierverhaltensberatung\/index.php?rest_route=\/wp\/v2\/users\/1"}],"replies":[{"embeddable":true,"href":"http:\/\/www.haustierverhaltensberatung.at\/haustierverhaltensberatung\/index.php?rest_route=%2Fwp%2Fv2%2Fcomments&post=6"}],"version-history":[{"count":32,"href":"http:\/\/www.haustierverhaltensberatung.at\/haustierverhaltensberatung\/index.php?rest_route=\/wp\/v2\/pages\/6\/revisions"}],"predecessor-version":[{"id":202,"href":"http:\/\/www.haustierverhaltensberatung.at\/haustierverhaltensberatung\/index.php?rest_route=\/wp\/v2\/pages\/6\/revisions\/202"}],"wp:attachment":[{"href":"http:\/\/www.haustierverhaltensberatung.at\/haustierverhaltensberatung\/index.php?rest_route=%2Fwp%2Fv2%2Fmedia&parent=6"}],"curies":[{"name":"wp","href":"https:\/\/api.w.org\/{rel}","templated":true}]}}